git of 50015676?
1
What is the millions digit of 33104744?
3
What is the millions digit of 357048351?
7
What is the hundred thousands digit of 617473569?
4
What is the tens digit of 5083966?
6
What is the thousands digit of 127211176?
1
What is the tens digit of 109377352?
5
What is the ten thousands digit of 6713205446?
0
What is the hundred thousands digit of 144454746?
4
What is the ten thousands digit of 209434774?
3
What is the millions digit of 949163988?
9
What is the ten thousands digit of 25809115?
0
What is the units digit of 14320357?
7
What is the hundreds digit of 738275359?
3
What is the thousands digit of 47607862?
7
What is the ten thousands digit of 58119618?
1
What is the hundred thousands digit of 142976720?
9
What is the ten thousands digit of 36618035?
1
What is the hundred thousands digit of 3921709607?
7
What is the hundred millions digit of 644162478?
6
What is the units digit of 76321360?
0
What is the hundreds digit of 276724470?
4
What is the hundred millions digit of 1359977670?
3
What is the hundred millions digit of 134725832?
1
What is the hundreds digit of 82045570?
5
What is the hundreds digit of 163919652?
6
What is the ten millions digit of 36399287?
3
What is the thousands digit of 286105454?
5
What is the hundred millions digit of 437899879?
4
What is the units digit of 218900354?
4
What is the tens digit of 920217330?
3
What is the hundred millions digit of 5687060413?
6
What is the millions digit of 990754896?
0
What is the units digit of 60472627?
7
What is the ten millions digit of 382810221?
8
What is the thousands digit of 171699656?
9
What is the units digit of 188841166?
6
What is the ten thousands digit of 22985549?
8
What is the units digit of 92317954?
4
What is the units digit of 19555474?
4
What is the hundred thousands digit of 30538391?
5
What is the ten thousands digit of 44267194?
6
What is the billions digit of 1571463383?
1
What is the thousands digit of 113062487?
2
What is the hundred thousands digit of 87323855?
3
What is the ten millions digit of 2373631890?
7
What is the thousands digit of 4261294965?
4
What is the ten millions digit of 477897397?
7
What is the tens digit of 191152143?
4
What is the millions digit of 2329255?
2
What is the millions digit of 30072433?
0
What is the tens digit of 236381649?
4
What is the ten millions digit of 913669315?
1
What is the hundred thousands digit of 52286016?
2
What is the hundred millions digit of 631276179?
6
What is the millions digit of 54935948?
4
What is the ten thousands digit of 43075509?
7
What is the millions digit of 168676279?
8
What is the ten millions digit of 478954410?
7
What is the hundreds digit of 176768551?
5
What is the hundred millions digit of 250073831?
2
What is the millions digit of 133823717?
3
What is the ten thousands digit of 261880483?
8
What is the hundreds digit of 50708490?
4
What is the hundreds digit of 77308815?
8
What is the hundreds digit of 157586793?
7
What is the tens digit of 143963760?
6
What is the tens digit of 234514639?
3
What is the millions digit of 28780703?
8
What is the thousands digit of 246337774?
7
What is the units digit of 94936406?
6
What is the tens digit of 83289859?
5
What is the millions digit of 31929412?
1
What is the millions digit of 10306431?
0
What is the thousands digit of 35508305?
8
What is the millions digit of 2846956800?
6
What is the ten millions digit of 633011729?
3
What is the units digit of 67847000?
0
What is the ten thousands digit of 1115294659?
9
What is the millions digit of 252097455?
2
What is the ten thousands digit of 755926704?
2
What is the units digit of 814969984?
4
What is the hundreds digit of 20930409?
4
What is the millions digit of 570701541?
0
What is the millions digit of 461245135?
1
What is the tens digit of 1653984568?
6
What is the thousands digit of 81872018?
2
What is the ten millions digit of 299015437?
9
What is the billions digit of 2384075459?
2
What is the millions digit of 153691262?
3
What is the ten millions digit of 406941507?
0
What is the millions digit of 444899564?
4
What is the millions digit of 1310498564?
0
What is the tens digit of 203229170?
7
What is the ten millions digit of 1707438870?
0
What is the millions digit of 255725613?
5
What is the tens digit of 4241519137?
3
What is the units digit of 3482260435?
5
What is the hundreds digit of 42948224?
2
What is the hundreds digit of 39965181?
1
What is the units digit of 99511155?
5
What is the millions digit of 257827413?
7
What is the thousands digit of 277183271?
3
What is the units digit of 4168822256?
6
What is the billions digit of 1880639133?
1
What is the hundred thousands digit of 126506770?
5
What is the units digit of 5403038?
8
What is the billions digit of 2589562256?
2
What is the thousands digit of 55769390?
9
What is the hundred thousands digit of 12897527?
8
What is the tens digit of 45437619?
1
What is the units digit of 1890253309?
9
What is the hundred thousands digit of 1921436779?
4
What is the ten thousands digit of 21709298?
0
What is the millions digit of 223204216?
3
What is the hundreds digit of 283102460?
4
What is the tens digit of 150454104?
0
What is the ten thousands digit of 27905530?
0
What is the millions digit of 417186986?
7
What is the ten millions digit of 38299463?
3
What is the millions digit of 769416168?
9
What is the hundred thousands digit of 34692664?
6
What is the hundred thousands digit of 423169379?
1
What is the billions digit of 2129372858?
2
What is the hundred thousands digit of 103798681?
7
What is the ten thousands digit of 1355642621?
4
What is the hundred thousands digit of 44554894?
5
What is the tens digit of 937005796?
9
What is the units digit of 144031643?
3
What is the hundred thousands digit of 340586282?
5
What is the millions digit of 900616820?
0
What is the hundred thousands digit of 30951300?
9
What is the hundred thousands digit of 150462865?
4
What is the units digit of 203741405?
5
What is the thousands digit of 1248069285?
9
What is the hundred thousands digit of 34042484?
0
What is the millions digit of 873583508?
3
What is the ten millions digit of 2754880302?
5
What is the millions digit of 1972849225?
2
What is the millions digit of 23821927?
3
What is the units digit of 80185867?
7
What is the units digit of 73829879?
9
What is the thousands digit of 767739807?
9
What is the thousands digit of 44012240?
2
What is the units digit of 275487148?
8
What is the ten millions digit of 512983753?
1
What is the units digit of 1113968228?
8
What is the ten millions digit of 172115832?
7
What is the ten thousands digit of 692761619?
6
What is the hundred thousands digit of 66078739?
0
What is the ten thousands digit of 348483266?
8
What is the hundreds digit of 31414025?
0
What is the units digit of 797877481?
1
What is the hundred millions digit of 977711058?
9
What is the ten thousands digit of 103591454?
9
What is the tens digit of 45830514?
1
What is the ten thousands digit of 380315419?
1
What is the ten millions digit of 228118594?
2
What is the millions digit of 515880393?
5
What is the hundreds digit of 141916837?
8
What is the tens digit of 1786122094?
9
What is the units digit of 438010668?
8
What is the hundred millions digit of 129060996?
1
What is the tens digit of 58259766?
6
What is the units digit of 113224246?
6
What is the units digit of 471158065?
5
What is the hundreds digit of 461883974?
9
What is the units digit of 1284644300?
0
What is the units digit of 84464747?
7
What is the ten thousands digit of 18095033?
9
What is the ten thousands digit of 463141883?
4
What is the ten thousands digit of 54576789?
7
What is the ten millions digit of 43569804?
4
What is the thousands digit of 61499916?
9
What is the millions digit of 2818657074?
8
What is the tens digit of 631163405?
0
What is the tens digit of 40939342?
4
What is the units digit of 548956242?
2
What is the hundreds digit of 55894163?
1
What is the millions digit of 2108047744?
8
What is the ten thousands digit of 36946458?
4
What is the tens digit of 1172907867?
6
What is the tens digit of 438299549?
4
What is the tens digit of 59163424?
2
What is the tens digit of 643283160?
6
What is the ten thousands digit of 21342254